 -51). Let y(k) = -37*k - 130. Let m be y(-4). Calculate the greatest common factor of h and m.
6
Let j be (-3 - -1)*375/(-150). Calculate the highest common divisor of 13375 and j.
5
Suppose -5 = -b + 4*x - 0*x, 4*b = 5*x - 2. Let c be 1 + (-24)/(-4) + b. Suppose c = 13*a - 12*a. What is the highest common divisor of a and 12?
4
Suppose -2*m + 20 = 0, 251 = -0*n + 2*n - 4*m + 61. Suppose -5*w + 3*t - 19 = -249, -w + 3*t = -46. What is the highest common factor of n and w?
23
Suppose -2*g = 4*n - 4344, -66*g - 5*n - 2214 = -67*g. What is the greatest common factor of 14 and g?
14
Suppose 851 + 601 = 11*c. What is the highest common factor of c and 99?
33
Let y be 2*(-15)/(-2)*1. Suppose -5*n - 215 = -5*s + 305, 3*n + 102 = s. Calculate the highest common factor of s and y.
15
Let t be -35*(2/5)/(7 + -23 + 14). Let v be ((-7)/4)/(3/(-12)). What is the highest common factor of t and v?
7
Suppose -326*a - 220*a = -4368. Suppose 264 = 5*m + c, -m + 0*c - 5*c + 72 = 0. Calculate the highest common factor of m and a.
4
Let h(j) = 0 - 164 + 16 + 20 + 36*j. Let q be h(18). Calculate the highest common divisor of 40 and q.
40
Let v(i) = -i**2 + 7*i - 2. Let j be v(-6). Let d be 5/20*-5*j. Suppose -d = -2*o + 250. Calculate the greatest common factor of o and 25.
25
Suppose -3*q = -2*q + 3. Let u be q/(-6)*24/(-2). Let f be -48*((-21)/u - 4). Calculate the highest common factor of f and 3.
3
Let j(p) = 2*p + 1. Let u be j(2). Suppose 14*t - 70 = -7*t - 7. Calculate the highest common factor of u and t.
1
Let b be -8 - -3 - -1954 - -5. Suppose 0 = 7*z - b + 484. What is the greatest common divisor of z and 7?
7
Suppose -k + 178 + 1386 = d, -k + d + 1566 = 0. What is the highest common divisor of k and 2191?
313
Let t = 55 - -189. Suppose 4*q - t = 116. Let a(b) = -7*b**2 - 39*b - 10. Let n be a(-5). What is the greatest common divisor of n and q?
10
Suppose 15*u = 178 + 2. Suppose -u*f + 396 = 10*f. Calculate the highest common divisor of 288 and f.
18
Let d(i) = 3 + 7*i + 5*i**3 - 6*i**3 + 4 - 3. Let t = -125 + 121. Let u be d(t). What is the highest common divisor of u and 400?
40
Suppose -30 = -3*t - 129. Let g = -29 - t. Suppose 0 = g*d - 5*x - 54, -d + 4*x + 17 = x. Calculate the greatest common factor of 77 and d.
11
Suppose -348*j - 85 = -5*a - 343*j, 5*j = -3*a + 11. What is the greatest common factor of 1212 and a?
12
Let j(d) = 161*d - 894. Let l be j(6). Calculate the highest common divisor of l and 102.
6
Let o(t) = t**2 + 7*t + 17. Suppose 0 = -5*r + 2*q - 32, 0 = -5*q - 15 - 5. Let x be o(r). Calculate the greatest common factor of x and 50.
25
Suppose 6*j = -3*d + 312, 289*d - 296 = 286*d - 2*j. What is the highest common factor of d and 10992?
48
Let g(n) = -849*n**3 + 4*n**2 + 75*n + 72. Let q be g(-1). Calculate the highest common factor of 15 and q.
5
Suppose -3*v + 0*v + 2190 = 0. Suppose -m - 3*m - 2*y = -v, 4*m - 715 = -5*y. Let u be (0 + 37/(-3))*-3. What is the greatest common factor of u and m?
37
Suppose -45 = 3*l - 30, 5*c - 3*l = 1945. Calculate the greatest common factor of 6 and c.
2
Let b(y) = -3*y**2 - 6*y + 10. Let v = 136 + -139. Let c be b(v). Calculate the greatest common divisor of 3 and c.
1
Suppose -4*y = 3*f - 765, 8*y + 5*f + 389 = 10*y. Let u be (-7*(-8)/112)/(2/y). What is the highest common factor of u and 480?
48
Suppose 9*m = 55*m - 24510 - 4838. Calculate the highest common divisor of 899 and m.
29
Let o be 36 + -33 + (-1*79 - -2). Let s be 3 + (0 - 10) - o. Calculate the greatest common divisor of s and 469.
67
Let j be 3 - 2/1 - -105. Suppose 22 = v + j. Let x = v + 103. What is the greatest common divisor of x and 171?
19
Let x be (-11 - 1)*(-55 - -52). Suppose 0 = -d - 3*c + x + 39, d - 71 = c. Suppose o - 10 = -2. What is the highest common factor of d and o?
8
Let l = -34524 - -34604. What is the highest common divisor of l and 2330?
10
Suppose 5*l - 6*l + 3 = 0. Suppose -2*j = 5*x - 83, -3*j - 3 + 15 = 0. What is the highest common divisor of x and l?
3
Let c be (2 - -412)/6*(-9)/6*(-2916)/2187. Suppose -3*w + 3*f = -2274, 2*w - 1522 = -0*w - 4*f. What is the greatest common factor of c and w?
69
Let s(q) = q**3 - 94*q**2 + 78*q + 1411. Let z be s(93). Calculate the highest common divisor of 716 and z.
4
Let n(o) = o**3 + 6*o**2 + 9*o + 17. Let j be n(-5). Let m be 64/(-112)*63/j. Calculate the greatest common factor of m and 108.
12
Let q(u) = 8 + 59*u - 6 + 42 - 2*u**2. Let m be q(30). What is the greatest common factor of m and 49?
7
Suppose 0*i - 2*i = -26. Let h = i - 3. Let t be (-1150)/920 + -35*9/(-12). Calculate the highest common factor of t and h.
5
Let g be 60/110 - (7323/(-66) + 6/4). Calculate the greatest common divisor of g and 355.
5
Suppose -12*p = 293 - 197. Let f be (3 + 324/p)*36/(-30). Suppose c + 90 = 6*c. What is the greatest common divisor of c and f?
9
Let n = 7209 + -7163. Calculate the highest common divisor of n and 14099.
23
Suppose 9*i = 5*i + 40. Suppose -41*q - 10 = -92. What is the highest common divisor of i and q?
2
Let u be 109852/12 - 9 - (-98)/(-42). Calculate the highest common divisor of 287 and u.
41
Suppose 60*b - 32519 - 53881 = 0. What is the greatest common divisor of b and 64?
32
Suppose 1271 + 517 = 6*k. Suppose k = -14*x + 998. Calculate the greatest common divisor of x and 10.
10
Suppose -4*b + z - 336 = 118, 460 = -4*b + 4*z. Let q = b - -129. Calculate the greatest common factor of 24 and q.
8
Let b(x) = x**2 - 39*x + 143. Suppose 10*u + 2132 = 62*u. Let o be b(u). Calculate the highest common factor of o and 135.
45
Let p(u) = -190*u - 1821. Let v be p(-12). What is the highest common factor of v and 136?
17
Let f be 6*(-96)/(-18) - 10. What is the greatest common factor of 2354 and f?
22
Let k(w) = 15*w + 54. Let j be k(4). Suppose -2 = -4*v + 2*v, 2*d = -4*v + j. What is the greatest common divisor of d and 11?
11
Let l(m) = -53*m - 1888. Let o be l(-65). What is the highest common divisor of o and 18?
9
Let g be (924/(-176))/((-27)/360). What is the greatest common factor of 3325 and g?
35
Suppose -4143 + 17420 = 128*c - 4643. Calculate the greatest common factor of 4970 and c.
70
Let o be -4*3/18 + 483/9. Suppose 51*d = o*d. Suppose -2*s = -10 - d. What is the highest common divisor of s and 40?
5
Let z = -6300 - -6443. Let i = -130 + 182. What is the highest common factor of z and i?
13
Let d = 355 - 327. Suppose 113 = -4*c - b + 297, 0 = -2*c - 4*b + 106. Let h be 2/9 - (-1250)/c. Calculate the greatest common factor of d and h.
28
Suppose 3 + 0 = -3*p. Let l(j) = -6*j**3 - 1. Let o be l(p). Suppose -4*y = -o*w - 811, y - 3*y - w = -423. What is the highest common factor of y and 19?
19
Let r = -1678 - -1766. What is the greatest common factor of r and 704?
88
Suppose 178 + 92 = 45*z. Suppose -3*d = -2*x + z + 2, 2*x - d = 16. What is the greatest common divisor of x and 4?
2
Let a = -20394 + 25484. What is the greatest common divisor of 30 and a?
10
Let w = 182 + 25. Let j be w + (-1)/(4/20). Let a = j - -58. Calculate the greatest common factor of 26 and a.
26
Suppose 12*f - 17*f + n = -5007, 2*f = -n + 2000. What is the highest common divisor of 11 and f?
11
Let a(q) = 5*q + 70. Let c be a(-5). Suppose m = 16*m - c. Suppose 3*y = -4*x + 102, x + 4*y - 28 = 2*y. Calculate the greatest common divisor of m and x.
3
Suppose 271*r + 652 = 1760 + 1602. Calculate the greatest common factor of 5435 and r.
5
Let u(f) = -33*f**2 + 100*f + 80. Let d(w) = 8*w**2 - 24*w - 20. Let t(a) = 9*d(a) + 2*u(a). Let i be t(8). Calculate the highest common factor of i and 4.
4
Suppose -128*y + 14982 = -7674. What is the highest common divisor of y and 12?
3
Suppose 3*d - 4*u - 440 = 0, -3*d + 0*u - 5*u + 476 = 0. Calculate the highest common divisor of d and 266.
38
Suppose -4*s + 18 = -z - 10, -4*s - 2*z = -28. Let x(j) = -j**2 + 14*j - 44. Let v be x(s). What is the highest common divisor of v and 85?
5
Let u = -2171 - -2294. Calculate the greatest common factor of 7421 and u.
41
Suppose 5 - 13 = -4*p, -4*p + 260 = 2*f. Suppose 151*n - 300 = f*n. What is the greatest common factor of n and 492?
12
Let z = 142 - 43. Let x = 154 + -147. Suppose -3*u = -x*u + 264. What is the greatest common factor of u and z?
33
Let s(t) = t**3 - 10*t**2 + 7*t - 31. Let k be